it of g?
3
Suppose 0 = 8*q - 713 - 1631. What is the tens digit of q?
9
Let j(l) = 27*l**2 + 8*l - 15. What is the thousands digit of j(-13)?
4
Let k(q) = 7 + 2*q**2 - 5*q**2 + 5*q + 3 + 2*q**2. Let u be k(6). Suppose u*g - 72 - 48 = 0. What is the tens digit of g?
3
Let s(a) = -a**2 - 8*a - 13. Let f be s(-6). What is the units digit of f/((6/(-22))/3)?
1
Let i = 1025 - 72. What is the units digit of i?
3
What is the tens digit of 6 + (-5)/((-5)/499)?
0
Let o = 16 - 21. Let g be o*9/((-180)/8). Suppose g*q = -2*q + 64. What is the tens digit of q?
1
Let i = 64 + -64. Suppose o - 5*o - 4*u = -488, i = 4*o - 4*u - 472. What is the tens digit of o?
2
Let i(o) = o + 24. Let p be i(-18). Suppose -5*u + 690 = p*j - j, -j + 132 = -2*u. What is the tens digit of j?
3
Suppose 3*n - 623 = 2*z, -5*n = -z + 5*z - 1075. What is the units digit of n?
1
Suppose -3 = -5*f + 12. Suppose -f*k = 1 + 2. Let n(b) = 66*b**2 - 3*b - 1. What is the units digit of n(k)?
8
Suppose 5*l + 2 - 3 = -2*h, -5*h - l = -14. Suppose 0 = -h*q - 9 - 18. Let s = 13 + q. What is the units digit of s?
4
Suppose -412 = -4*g + 5*z, -4*z + 4 = -5*z. Let y = 169 - g. What is the units digit of y?
1
Suppose 1 = 4*o - 3, 4*o - 118 = -3*c. Suppose 2*t - 3*x = 2 + 2, 4*t - 8 = 5*x. Suppose 22 = t*l - c. What is the tens digit of l?
3
Let q(v) = -395*v - 441. What is the hundreds digit of q(-11)?
9
Let f(n) = -2*n**3 + 2*n**2 - 1. Let w be (-120)/65 - (-2)/(-13). What is the tens digit of f(w)?
2
Suppose w - 3*p = 52, -2*w + 5*p + 300 = 3*w. What is the units digit of w?
4
Suppose 3*m = 2*n + 17410, -79*m + 75*m + 23220 = -4*n. What is the thousands digit of m?
5
Suppose 6 = 2*t + t. What is the tens digit of (-53 + 14)/(t/(-4))?
7
Let w be 10 + (3 - 0) + -3. Let h = 25 - w. Suppose 2*u - 5*u + 3*x = -h, u = -5*x - 1. What is the units digit of u?
4
Let l = 33 + -33. Suppose l = -2*j + 5*n + 31, 3*n + 0*n - 15 = 0. What is the tens digit of j?
2
Suppose -17 + 3 = -2*i. Suppose 4*a - i*a + 60 = 0. What is the tens digit of a?
2
Suppose o + 5*p - 72 = 0, 0 = 3*o + 6*p - 2*p - 172. Suppose -179 = -3*w + o. What is the tens digit of w?
7
Suppose 451 = 2*d - 155. What is the hundreds digit of d?
3
Suppose 17*b = 3*b + 1134. What is the units digit of b?
1
Let h(f) = -202*f + 135. What is the tens digit of h(-8)?
5
Let w(p) be the first derivative of -p**4/4 - p**3/3 + 23*p + 4. What is the tens digit of w(0)?
2
Let d be 3/2*(-1 - -3). Suppose d*s + 4*p = 19 + 7, -3*s - 5*p + 31 = 0. Suppose m - 152 = -3*q, -2*m + 20 = s*m. What is the units digit of q?
9
Let p(y) = y**2 + y - 5. Let d be p(-8). Let t = 20 + d. What is the units digit of t?
1
Let f(s) = -s**3 + 16*s**2 + 19*s - 1. Let i be 6/(-2)*(-2)/3. Suppose 0 = -7*g + 2*g - 3*h + 85, 0 = i*g + h - 34. What is the tens digit of f(g)?
3
Let n(m) = m**3 + 5*m**2 + 5*m + 2. Let y be (-1)/(1 + 2/(-3)). Let c be n(y). What is the units digit of ((-2)/4)/(c/(-570))?
7
Suppose 0 = m + 2*j - 187, 12*m - 7*m + 2*j - 959 = 0. What is the hundreds digit of m?
1
Let k(u) = 260*u**3 + 6*u**2 - 2*u - 8. What is the tens digit of k(2)?
9
Suppose -5*v = -y - 3 + 1, -y = v + 2. Suppose v*h = 2*u - 2*h - 20, -3*u = -h - 26. What is the units digit of u?
8
Let u = -3 + 8. Suppose -u*o + 74 = 3*l, 70 = -3*o + 8*o + 5*l. What is the tens digit of 4/o + (-59)/(-4)?
1
Suppose -2*t = 2*t + 12, -2*k - 5*t = -2103. What is the tens digit of -4 - k/(-9) - (-6)/(-9)?
1
Let n = 3 + 6. Suppose c - 5*d = -0*d + 42, n = -3*d. What is the units digit of (c/(-6))/(4/(-8))?
9
Suppose -10 = 2*f, 7*f = -5*r + 4*f + 10500. What is the thousands digit of r?
2
Suppose 0 = -3*w + i - 22, 5*w + 5*i + 3 + 7 = 0. Let q(f) = 6*f + 4 + 37*f**2 - 36*f**2 - 2*f. What is the units digit of q(w)?
6
Suppose 0 = 5*v - 10*v. Let d(j) = -j**3 + j + 2. Let k be d(v). Suppose k*b = b + 39. What is the tens digit of b?
3
Suppose -n + 765 = -4*n. Let i = -130 - n. What is the units digit of i?
5
Let n(q) = -q - 2. Let h be n(-12). Let a be -1*4/(-10)*h. Suppose -25 = -a*c + 27. What is the tens digit of c?
1
Let i(z) = 3*z**2 - 8*z - 5. Let c = -42 + 50. What is the units digit of i(c)?
3
Let o = -13 - -1. What is the units digit of 3/o*-4*19?
9
Let u be (-1)/(3/3)*1. What is the tens digit of (u/1)/((-18)/1044)?
5
Suppose -2*u - u = -6. Let v = u + -22. Let c = v - -45. What is the units digit of c?
5
Let d = 2948 + -88. What is the units digit of d?
0
What is the hundreds digit of 6 - -686*(-6)/(-12)?
3
Let p(d) = 87*d + 46. What is the units digit of p(11)?
3
What is the tens digit of (-19)/171 - 5347/(-9)?
9
Let r = 19 + -23. What is the units digit of 1 + 2/r*-122?
2
Let x = -168 - -523. Suppose 12*o = 7*o + x. Suppose 3*r - 8 = -l + o, r - l - 21 = 0. What is the units digit of r?
5
Let a = 986 + -895. What is the units digit of a?
1
Let t be (-5)/9*3*-3. Suppose -t*s + 0*s + 270 = 0. What is the tens digit of s?
5
Suppose 2*b = 15 + 9. Let i = 17 + b. What is the tens digit of i?
2
Let n = -2507 + 4310. What is the tens digit of n?
0
Let l(y) = 4*y + 14 - 9 - 4 - 19. Let h(z) = -3*z + 19. Let r(o) = -4*h(o) - 5*l(o). What is the tens digit of r(-6)?
6
Let u = -270 + 672. What is the hundreds digit of u?
4
Let k = 2797 - 1582. What is the units digit of k?
5
Let j(b) = -9*b**3 + 15*b**2 + 9*b + 5. Let l(q) = 5*q**3 - 8*q**2 - 5*q - 3. Let k(n) = -4*j(n) - 7*l(n). What is the units digit of k(6)?
7
Suppose 2*l + 2*n = 8, 5*n + 5 = -0*n. Suppose u - l = 0, 3*h - 4*h - 3*u + 12 = 0. What is the tens digit of (-1 + 176/(-12))*h?
4
Suppose -3957 = -u - 2*p, 5883 = u + 4*p + 1916. What is the thousands digit of u?
3
Let v(l) be the second derivative of 5*l**4/12 - 3*l**3/2 + l**2/2 + 14*l. What is the units digit of v(5)?
1
Let h(a) = a**3 + 3*a**2 - 4*a - 1. Suppose 2*m - 19 = 6*m - 3*i, 5*m - 4*i + 24 = 0. Let d be h(m). What is the tens digit of (d + 2)/(3/33)?
1
Suppose -v + 4*l + 129 + 250 = 0, v + 2*l - 361 = 0. What is the tens digit of v?
6
Suppose -3*f - 3*b + 17 = -b, 4*b = 2*f - 6. Suppose 0 = -7*c + 2*c - 4*v + 261, 0 = 5*c - f*v - 225. What is the units digit of c?
9
Let r be 1 + (-3 - (-1 - 3)). What is the units digit of -23*(-4 + 2)/r?
3
Let a be -1 + 0 - (-15 - -10). Suppose -3*k = 2*t - 10, t + 6 = -0*t + a*k. Suppose t*s - 121 + 25 = 0. What is the tens digit of s?
4
Let p = -138 - -93. Let q = p - -46. What is the units digit of q?
1
Let j(z) = 2*z - 6. Let n = 72 + -67. What is the units digit of j(n)?
4
What is the units digit of 24/(-10)*675/(-18)?
0
Suppose -3*z + 3506 = 4*c, 2*z + 1754 = 2*c + 3*z. What is the units digit of c?
8
Suppose 1467 = 4*y + 3*b + 248, -4*y - 2*b + 1218 = 0. What is the tens digit of y?
0
Suppose -3*t = 4*r + 7, 2*r = 3*r + 2*t + 8. Suppose -r*b = -7*b + 745. What is the units digit of b?
9
Suppose -9261 = 48*n - 55*n. What is the tens digit of n?
2
Let d(c) = -c**3 - 9*c**2 + 10*c + 2. Let m be d(-10). Suppose 5*s - 5*x - 135 = -m*x, -5 = x. What is the tens digit of s?
2
What is the hundreds digit of (5 - 6)/(-6) + 3935/6?
6
Suppose -c + h = -17, -4*c + 3*h + 66 + 6 = 0. What is the tens digit of c/((-3)/(-10) + 0)?
7
Let c = -18 + 16. Let u be 1 + 0 + (-6)/c. Suppose 3*k = u*b - 199, 0*k + 3*k = -3. What is the units digit of b?
9
Suppose 567 = -54*z + 61*z. What is the units digit of z?
1
Let r(k) = k**2 + 17*k - 17. What is the units digit of r(22)?
1
Let i be (-9 + 5 + -5)/(1/(-30)). What is the units digit of -4 + (-13)/((-39)/i)?
6
Let p(w) be the first derivative of w**4/4 + 10*w**3/3 - 2*w**2 + 5*w - 10. Let m be p(-10). Suppose m = -0*x + 3*x. What is the tens digit of x?
1
Let h(z) = -z**2 - 89*z - 223. What is the thousands digit of h(-58)?
1
Let f(t) = -t**3 - 2*t**2 + 3*t - 11. Suppose 5*z - 20 = 9*z. What is the units digit of f(z)?
9
Let m be 2 - (8 - 4) - -1091. What is the units digit of (-4)/14 - m/(-63)?
7
Let q be (2 - -1) + (1 - 2). Suppose -q*z + 30 = -0*z. Suppose 0 = -4*i - z + 111. What is the units digit of i?
4
Suppose -2*w = p - 16, -56 = 4*p - 9*p + 2*w. What is the units digit of 15/p + (-262)/(-8)?
4
Let t = 2 + 5. Let a = t + -3. What is the units digit of 1*(7*a)/2?
4
Let c(r) = 67*r + 221. What is the tens digit of c(7)?
9
Let a(f) = f + 7. Let k be a(4). Suppose 13*y = k*y + 98. What is the tens digit of y?
